What is the remainder when 4562 is divided by 206?
30
What is the remainder when 4904696 is divided by 2319?
11
What is the remainder when 22900 is divided by 503?
265
Calculate the remainder when 168344716 is divided by 20.
16
Calculate the remainder when 4065162 is divided by 3305.
12
Calculate the remainder when 45375189 is divided by 228.
225
What is the remainder when 2144086 is divided by 428753?
321
Calculate the remainder when 162161 is divided by 124.
93
Calculate the remainder when 256574 is divided by 861.
857
What is the remainder when 17250 is divided by 2057?
794
What is the remainder when 153576189 is divided by 4664?
4661
What is the remainder when 261012 is divided by 43486?
96
Calculate the remainder when 7193011 is divided by 2083.
412
What is the remainder when 1930591 is divided by 76?
39
Calculate the remainder when 354856 is divided by 1820.
1776
Calculate the remainder when 6765328 is divided by 2291.
5
Calculate the remainder when 254979738 is divided by 34.
2
Calculate the remainder when 14965097 is divided by 2669.
14
What is the remainder when 21400702 is divided by 166?
148
Calculate the remainder when 353089 is divided by 44112.
193
Calculate the remainder when 72611 is divided by 116.
111
What is the remainder when 3179577 is divided by 102562?
155
What is the remainder when 600442 is divided by 150110?
2
What is the remainder when 154939 is divided by 171?
13
Calculate the remainder when 463276449 is divided by 231638221.
7
What is the remainder when 448299 is divided by 819?
306
Calculate the remainder when 2862778426 is divided by 12.
10
Calculate the remainder when 30065977 is divided by 1193.
1184
Calculate the remainder when 5027341 is divided by 2513667.
7
Calculate the remainder when 322657 is divided by 29331.
16
What is the remainder when 22308592 is divided by 126?
40
Calculate the remainder when 1565549 is divided by 755.
434
Calculate the remainder when 222585 is divided by 2182.
21
What is the remainder when 203646 is divided by 1818?
30
What is the remainder when 7485119 is divided by 3173?
12
Calculate the remainder when 562565 is divided by 70295.
205
What is the remainder when 5874050 is divided by 1468497?
62
Calculate the remainder when 3937704 is divided by 59.
44
Calculate the remainder when 3822849 is divided by 17.
8
Calculate the remainder when 299761351 is divided by 1387784.
7
What is the remainder when 926469 is divided by 3078?
3069
Calculate the remainder when 247647 is divided by 123350.
947
What is the remainder when 657403 is divided by 59720?
483
What is the remainder when 177927 is divided by 58926?
1149
Calculate the remainder when 26541 is divided by 24307.
2234
Calculate the remainder when 28554 is divided by 1619.
1031
What is the remainder when 102907 is divided by 6052?
23
Calculate the remainder when 57654 is divided by 6358.
432
What is the remainder when 15401 is divided by 9687?
5714
What is the remainder when 158633 is divided by 330?
233
What is the remainder when 2739 is divided by 78?
9
What is the remainder when 47980485 is divided by 281?
16
Calculate the remainder when 48220 is divided by 23361.
1498
What is the remainder when 26627188 is divided by 3803863?
147
Calculate the remainder when 301019 is divided by 168.
131
What is the remainder when 134896382 is divided by 95?
87
What is the remainder when 925089 is divided by 6?
3
Calculate the remainder when 64110 is divided by 772.
34
Calculate the remainder when 209665223 is divided by 7351.
1
Calculate the remainder when 4831378 is divided by 3107.
3100
What is the remainder when 13687268 is divided by 61?
27
What is the remainder when 6501453 is divided by 2167110?
123
What is the remainder when 559637 is divided by 139903?
25
What is the remainder when 502161 is divided by 4971?
90
Calculate the remainder when 9053080 is divided by 161659.
176
Calculate the remainder when 823406 is divided by 5870.
1606
What is the remainder when 10766186 is divided by 1345772?
10
Calculate the remainder when 190188 is divided by 13405.
2518
What is the remainder when 891272 is divided by 10125?
272
Calculate the remainder when 8025323 is divided by 3319.
3300
Calculate the remainder when 2174546 is divided by 151.
146
Calculate the remainder when 676953822 is divided by 23.
20
What is the remainder when 12751787 is divided by 3187930?
67
Calculate the remainder when 189507 is divided by 5122.
5115
What is the remainder when 60444477 is divided by 153?
144
What is the remainder when 171485 is divided by 10705?
205
Calculate the remainder when 792095 is divided by 1842.
35
Calculate the remainder when 58431111 is divided by 8347298.
25
Calculate the remainder when 35459122 is divided by 419.
409
Calculate the remainder when 15789 is divided by 15187.
602
What is the remainder when 226209925 is divided by 1966?
1965
What is the remainder when 36803229 is divided by 68?
65
What is the remainder when 178785 is divided by 58?
29
Calculate the remainder when 356822 is divided by 50970.
32
What is the remainder when 782220 is divided by 21?
12
Calculate the remainder when 815427 is divided by 1090.
107
Calculate the remainder when 216598905 is divided by 667.
660
What is the remainder when 12216972 is divided by 615?
612
What is the remainder when 1300901 is divided by 433595?
116
Calculate the remainder when 29899 is divided by 14599.
701
Calculate the remainder when 43543 is divided by 1369.
1104
Calculate the remainder when 2691 is divided by 498.
201
What is the remainder when 78739 is divided by 2121?
262
Calculate the remainder when 801443 is divided by 2466.
2459
What is the remainder when 442968 is divided by 59?
55
Calculate the remainder when 8430284 is divided by 28970.
14
Calculate the remainder when 16289 is divided by 6.
5
What is the remainder when 13443 is divided by 5600?
2243
Calculate the remainder when 572669 is divided by 476.
41
What is the remainder when 1513640 is divided by 75682?
0
Calculate the remainder when 12005181 is divided by 235394.
87
Calculate the remainder when 17101726 is divided by 16.
14
Calculate the remainder when 528982 is divided by 427.
356
Calculate the remainder when 7864 is divided by 3557.
750
What is the remainder when 43113035 is divided by 446?
445
What is the remainder when 3736 is divided by 570?
316
Calculate the remainder when 8662019 is divided by 532.
527
Calculate the remainder when 34198 is divided by 579.
37
Calculate the remainder when 80235 is divided by 3063.
597
Calculate the remainder when 19028012 is divided by 442511.
39
What is the remainder when 1642727 is divided by 102629?
663
What is the remainder when 6900606 is divided by 619?
613
What is the remainder when 1823800 is divided by 551?
541
Calculate the remainder when 446106072 is divided by 1135.
1132
What is the remainder when 960761 is divided by 1087?
940
What is the remainder when 12208079 is divided by 17?
5
Calculate the remainder when 53917 is divided by 219.
43
What is the remainder when 9190093 is divided by 115?
98
Calculate the remainder when 699473 is divided by 1044.
1037
What is the remainder when 1117696 is divided by 2138?
1660
Calculate the remainder when 219467 is divided by 149.
139
What is the remainder when 479209 is divided by 239600?
9
Calculate the remainder when 2954 is divided by 370.
364
Calculate the remainder when 12052433 is divided by 125546.
17
What is the remainder when 115103777 is divided by 220?
217
What is the remainder when 604082 is divided by 604068?
14
What is the remainder when 37183 is divided by 41?
37
Calculate the remainder when 593680 is divided by 20469.
79
Calculate the remainder when 58629 is divided by 2912.
389
What is the remainder when 1832625 is divided by 366497?
140
What is the remainder when 86423 is divided by 86371?
52
Calculate the remainder when 2402904 is divided by 702.
660
What is the remainder when 1574970 is divided by 41435?
440
Calculate the remainder when 7628935 is divided by 14.
13
What is the remainder when 13358146 is divided by 34?
22
Calculate the remainder when 44166 is divided by 963.
831
Calculate the remainder when 2288127 is divided by 97.
91
What is the remainder when 327638 is divided by 13105?
13
What is the remainder whe